alculate the greatest common divisor of l and q.
17
Suppose 3*t - 11 = 2*t. Let p(z) = -z + 15. Let k be p(13). Let q be 18 - (-6 - k/(-1)). Calculate the greatest common factor of q and t.
11
Suppose 585 = 2*y + 85. Let r be ((-12)/(-10)*y/(-15))/(-1). Calculate the greatest common factor of r and 10.
10
Let c = -1600 + 1630. What is the greatest common factor of c and 108?
6
Suppose 0 = 6*t - 3*t + 6, -d + t = -23. Let q(j) = j + 3. Let i be q(4). Calculate the greatest common divisor of i and d.
7
Let w be (9 + 2 - 4) + -2. Let p(f) = -10 + 0 + 7 + 2*f. Let r be p(4). What is the highest common factor of r and w?
5
Let z = -27 - -27. Suppose 3*q - 3*g - 269 = -2*g, z = -g + 1. Calculate the greatest common divisor of 10 and q.
10
Let r = 2 - -4. Let h = 14 - 10. Let l = r - h. What is the greatest common factor of 4 and l?
2
Let x be 2/6 + 177/9 - 2. Calculate the greatest common divisor of x and 1494.
18
Let a = -4 + 8. Suppose n = 4*u - 35, a*u + 2*n = 9*u - 43. Let g be 6*-1*u/(-6). Calculate the highest common divisor of g and 27.
9
Let q be 122/18 + (-282)/(-54) + -5. Let l be 14*(70/(-4))/(-5). What is the greatest common factor of q and l?
7
Suppose 5*h + 731 = -v, 194 = -h + 2*v + 50. Let a = 220 + h. What is the greatest common factor of 111 and a?
37
Suppose -2*q + 50 = 42. Suppose m + 14 = c + 6*m, q*m = 4*c - 80. What is the highest common factor of c and 95?
19
Let f = -12 + 141. Calculate the greatest common factor of f and 43.
43
Let d be 150/(-45)*(-9)/6. What is the greatest common factor of 695 and d?
5
Let v be (-11)/(33/(-30)) - -4. Let s be v/(-42) - (-256)/3. What is the greatest common divisor of s and 34?
17
Let t(n) = -2 + 4*n**2 - 6*n - 4*n + 0*n + 8*n**2 - n**3. Let m be t(11). Calculate the greatest common divisor of m and 1.
1
Let p = -544 - -551. What is the greatest common divisor of p and 10?
1
Suppose p - 183 = -z, 4*p = -9*z + 12*z + 725. Calculate the highest common divisor of 286 and p.
26
Suppose 3*m + 3572 = 4*r, -297 - 3283 = -4*r + m. What is the highest common factor of 28 and r?
28
Let r(b) = -b**3 - b**2 + b - 2. Let c be r(-2). Suppose 2*i + 0*i - 840 = c. Suppose i = 2*f + f. What is the greatest common factor of 20 and f?
20
Let k = -1278 + 2409. Calculate the highest common divisor of k and 58.
29
Suppose 5*t - 10*t = 2*j - 626, 0 = -3*t - 12. Calculate the highest common factor of j and 19.
19
Let n be ((-24)/16)/(3/(-10)). Let w(u) = -3*u**2 + 20*u + 10. Let k be w(5). What is the greatest common factor of n and k?
5
Let b be (1 - -27)*((-14)/8 + 0). Let d = b - -57. What is the highest common divisor of d and 2?
2
Let p(g) = -16*g + 112. Let o be p(6). Calculate the greatest common divisor of o and 12.
4
Let v(l) = 2*l**2 + 3. Let q(c) = -2*c - 2. Let i be q(2). Let j be v(i). What is the highest common divisor of 30 and j?
15
Let t(j) = j**3 + 9*j**2 + 7*j + 9. Let d be t(-8). Let b = -11 - -56. Let f = 6 + b. Calculate the greatest common divisor of d and f.
17
Suppose -15 = -2*k - 3*t + 33, 5*k - 5*t - 120 = 0. Calculate the greatest common divisor of k and 30.
6
Let o = -9 - -12. Let j be 6*3/(-6)*-5. What is the highest common divisor of j and o?
3
Suppose -4*f - 762 = -2*q, -2*f = -f - 3. Calculate the greatest common divisor of q and 344.
43
Suppose -24 = -5*d - d. Suppose 3*l - 99 = 5*u - 262, d*u = 5*l + 133. What is the highest common factor of u and 48?
16
Let v be (1/(-2))/(10/40). Let x(n) = -26*n - 2. Let m be x(v). What is the greatest common divisor of 10 and m?
10
Suppose -25 = -3*q - 2*q. Suppose -64 - 536 = -q*x. What is the highest common divisor of x and 48?
24
Let b be 275/33 + (-1)/3. Suppose -4*c + 6*c + b = 0, 0 = -3*a + 5*c + 68. Let x = 266 - 122. Calculate the greatest common divisor of x and a.
16
Let z = 3320 + -3309. Calculate the greatest common factor of z and 1023.
11
Let s(h) = 2*h**2 - h - 3. Let n be s(3). Let r = 17 - n. Let y be (-15778)/(-1568) + 1/(-16). What is the highest common divisor of y and r?
5
Let q = 788 - 556. Suppose 762 = 117*x - 2631. Calculate the greatest common factor of x and q.
29
Let r(a) = 8 + a + 5*a - 3*a - 2*a - a**2. Let z be r(0). What is the greatest common factor of z and 88?
8
Let p(i) = 19*i**3 - 3*i**2 + i - 17. Let x be p(3). What is the greatest common divisor of 826 and x?
118
Suppose 0 = -7*j + 2*j - 2*t + 540, 5*t = -3*j + 324. Let k be (j/21)/(-2)*-7. Calculate the greatest common factor of 2 and k.
2
Suppose -o + 5 + 15 = 0. Let v(j) = -10*j + 1. Let f be v(-2). Let d be -2 + 4 + f + -3. Calculate the greatest common divisor of o and d.
20
Let u(z) be the second derivative of z**3/6 + z**2/2 - 2*z. Let g be u(4). Suppose 20 = g*p - 0*p. Calculate the highest common divisor of 4 and p.
4
Let m(v) = v**2 + 4*v + 6. Let j be m(-3). Let o be ((-100)/(-15) + -4)*j. Calculate the greatest common divisor of 32 and o.
8
Let j(b) = -b**2 - b + 4. Let z be j(-2). Suppose 0 = 2*h, -5*p + 3*h = -27 + 7. What is the highest common divisor of p and z?
2
Let q be 3/(-12)*0*-1. Suppose -3*o + q*o = -36. Let d(p) = 31*p**2 - 1. Let j be d(-1). Calculate the greatest common factor of o and j.
6
Let m(i) = 19*i + 168. Let g be m(-5). What is the highest common factor of 1241 and g?
73
Let m = 39 - 380. Let a = -241 - m. Calculate the greatest common divisor of 10 and a.
10
Let h(z) = 17*z**2 + 13*z + 16. Let l be h(-3). What is the highest common divisor of l and 25?
5
Let l(s) be the third derivative of s**5/60 + 9*s**4/8 + 28*s**3/3 - 37*s**2. Let w be l(-26). Calculate the greatest common factor of 12 and w.
6
Suppose -83*z - 486 = -92*z. Suppose -5*f = 3*j + 2, f + 10 = -j + 2*j. Calculate the greatest common divisor of z and j.
6
Suppose 4*c - 11 = 5. Suppose c*t - 54 = t. Calculate the greatest common divisor of 36 and t.
18
Let f = -32 + 35. Let m(u) = 2*u**3 - 3*u**2 - 5*u + 6. Let b be m(f). Let r be (24/b)/((-1)/(-18)). Calculate the greatest common divisor of 24 and r.
24
Suppose 4*a - 25 = -9. What is the greatest common factor of 20 and a?
4
Suppose 0*v + 90 = 5*v. Let s be 4/v + 14/18. Suppose 4*o - 29 = 5*k, 2*k - 3*k - s = 4*o. Calculate the greatest common divisor of o and 5.
1
Suppose -6 - 6 = -4*z. Let m(h) = -5 + 3 - h**3 - 2 - 3*h - 2*h**2 + 0*h**z. Let d be m(-4). What is the highest common factor of 60 and d?
20
Suppose 2*u - 692 = -2*q - q, -4*u + 4 = 0. What is the greatest common divisor of 30 and q?
10
Let k(n) = 6*n + 6. Let h be k(5). Let s(q) = 38*q + 54. Let b be s(9). What is the greatest common divisor of b and h?
36
Suppose 80 = -17*h + 25*h. What is the highest common divisor of 135 and h?
5
Let t be (-8)/((-6)/3) - -56. Let x = 4 - 2. Suppose z = -x*z + 2*a + 30, 3*a + 50 = 5*z. What is the highest common factor of z and t?
10
Let m = -185 - -229. Calculate the highest common divisor of m and 22.
22
Let o be 47/(-3) + 2/3. Let k = o - -21. Let d(u) = 5*u - 9. Let s be d(k). Calculate the greatest common divisor of 7 and s.
7
Let p(f) = -f**3 - 2*f**2 + 3*f - 1. Let r be p(-3). Let d be (r*10/8)/((-8)/32). Calculate the greatest common divisor of 40 and d.
5
Suppose 3*j = -253 + 97. Let s = j - -65. Let q(l) = -2*l**3 - 5*l**2 - 4*l - 2. Let g be q(-5). What is the highest common factor of g and s?
13
Let g = 254 + -252. Suppose -4*p + 3 = -5. Suppose p*n - o - 32 = 7, -g*o = 10. What is the highest common factor of 119 and n?
17
Let n(m) = -13*m + 569. Let x be n(42). What is the greatest common divisor of 667 and x?
23
Suppose -5*d + 9*d + 60 = 4*l, 0 = l + d - 15. What is the greatest common divisor of 240 and l?
15
Suppose -u - 18 = 7. Suppose -p - 3*p = -16, -3*t - 104 = p. Let o = u - t. Calculate the highest common divisor of 22 and o.
11
Let t be 4/(-18) - (-3080)/495. What is the highest common factor of t and 27?
3
Let r(g) = -g + 3. Let n be r(15). Let x be (14 - 2)*(-9)/n*5. Calculate the highest common divisor of x and 90.
45
Suppose 4*a - 9*a + 165 = -5*g, -g = a - 39. Let f = a - 14. Calculate the greatest common divisor of 154 and f.
22
Let a = -1031 - -1051. What is the greatest common factor of a and 1500?
20
Suppose -4*s + 19 = -3*s. Let b = s + -11. Suppose -4*o + 69 = -c, 3*c = 5*c + 10. What is the greatest common factor of o and b?
8
Let r = 1 + 3. Suppose 2*b - p - 14 =